ate s(o).
-8
Let q(n) be the second derivative of n**3/6 - 7*n**2 + 547*n. Determine q(6).
-8
Let l(m) = -m**2 + 10 + 2*m**2 + m - m - 6*m. Let j be l(4). Let z(u) = -1 - u - u**j - 6*u - 4 + 2*u. Give z(-4).
-1
Let u(p) = 8*p**2 - p. Let q(g) = -g**2 - g + 1. Let s be q(-1). Let v be u(s). Suppose v*j + 15 = 4*j. Let a(c) = -c**2 - 5*c + 7. Give a(j).
7
Let s(d) be the first derivative of -d**2/2 + d + 282. Let a = 1 + -2. Calculate s(a).
2
Let o = 1 + 0. Let w(r) be the third derivative of -3/8*r**4 + r**2 + 0 + 0*r**3 + 0*r. What is w(o)?
-9
Let b(r) be the third derivative of -5*r**4/24 - 13*r**3/6 - 29*r**2 - 4. Give b(-4).
7
Let v(y) = y**3 - 4*y**2 - 1. Let u = 36 + -20. Let d be 3/(2/u*6). What is v(d)?
-1
Let h(c) be the second derivative of -c**4/12 - 4*c**3/3 - 3*c**2/2 + 169*c. Give h(-5).
12
Suppose -5*s + 75 + 50 = 0. Let j = s + -28. Let l(f) be the first derivative of -f**4/4 - f**3/3 + f**2 + 1. What is l(j)?
12
Suppose 0 = 3*m - 9, 0 = 24*c - 26*c + 2*m + 2. Let n(o) = 3*o**2 - 7*o + 5. Calculate n(c).
25
Let j be (-3)/6*1 - (-57)/6. Let u(c) = c**3 - 10*c**2 + 8*c + 6. Give u(j).
-3
Let b be (-18)/9*((-63)/(-2))/(-9). Let m(d) = d - 15. What is m(b)?
-8
Let l(y) = -11*y**2 - 20*y - 1. Let c(b) = 9*b**2 + 19*b - 2. Let v(o) = -6*c(o) - 5*l(o). Give v(12).
-7
Let s(j) = 8*j**3 - 2*j**2 - 7*j - 9. Let f(x) = -3*x**3 + x**2 + 3*x + 3. Let c(q) = 11*f(q) + 4*s(q). Give c(4).
1
Let y be 4 - (-1 + 1) - 2. Let d be (0/5)/((-4)/y). Let q(g) = 15*g + 22*g - 7 + g**2 + 0*g**2 - 36*g. Determine q(d).
-7
Let c be ((-85)/20 - -5)/(2/(-8)). Let o(g) = 6*g - 5. What is o(c)?
-23
Let b(r) = r - 25. Let w(l) = -2*l + 51. Let u(n) = -9*b(n) - 4*w(n). Determine u(0).
21
Suppose -4*a - 2*u = 3*u - 21, 0 = -2*a - 5*u + 23. Let g be (-42)/(-28) + a/(-2). Let f(i) = 4*i**2 - 5*i**2 - i**2 + 3*i**g + 1. Give f(2).
5
Let x(t) = -2*t - 24. Let j be x(-8). Let z be 3 - (-5 - 0 - j). Let s(y) = y + 7. Give s(z).
7
Let o(k) = k**2 + 6*k - 6. Let f be -48 - (-3 - (4 + -3)). Let n = 39 + f. Determine o(n).
-11
Let q(l) = -l**3 + 7*l**2 - 4*l + 7. Suppose 2*w = -2 + 56. Let n = 33 - w. What is q(n)?
19
Let p(b) = -b + 5. Let y(j) = 14 - 3*j - 19 + j + 4*j. Let u(z) = 4*p(z) + 3*y(z). Determine u(-6).
-7
Suppose -20 = -2*q + 2*u, -u + 4 = 2*q + u. Let p(l) be the first derivative of 7 - 9*l - 1/3*l**3 + 3*l**2. Calculate p(q).
-9
Suppose -4*n = -0*n. Let y(a) = -3*a + 29. Let t be y(9). Let v(i) = -6*i**3 + i**t - i + 0*i + 4 - 2*i**2 + 5*i**3. Calculate v(n).
4
Let f(d) = 16. Let a(q) = q + 1. Let g(r) = -a(r) + f(r). What is g(12)?
3
Let l(i) = 2*i + 2. Let v(j) = -j + 2. Let r(y) = l(y) + 3*v(y). Let t be ((-3 - -3)/(-1))/2. Determine r(t).
8
Let i be 6/8 - 75/20. Let s(q) be the third derivative of q**5/60 - q**4/24 + 19*q**2. Give s(i).
12
Let g(p) = 2*p**3 + 104*p**2 - p - 46. Let d be g(-52). Let q(i) be the third derivative of 0 + 0*i + i**3 - 1/60*i**5 + 1/4*i**4 + i**2. Give q(d).
6
Let y(j) = -5*j**2 - 2*j - 2. Let m(z) = -4*z**2 - 2*z - 1. Let b(v) = -3*m(v) + 2*y(v). Let s(t) = 13*t - 2. Let c be s(0). Calculate b(c).
3
Let u(q) = q**3 + 11*q**2 + 8*q - 3. Let o be u(-10). Suppose 11 - o = -2*y. Let x(p) = 2*p**2 - 5*p + 2. Give x(y).
5
Let i(q) be the first derivative of -5*q**3/3 - q**2 + 2*q + 325. Give i(-3).
-37
Suppose 2*r = d - 30, 4*r - 10*d + 6*d = -52. Let a(x) = -x - 21. Give a(r).
-4
Let q(l) = 12*l + 2*l - 15*l - 14 + 20. Calculate q(-5).
11
Let g(j) = j - 8. Let r = 10 - 12. Let n(h) = -h + 7. Let v(a) = r*g(a) - 3*n(a). Let m = 2 - -3. Determine v(m).
0
Let q(z) = 1 + 22*z - 5*z**2 - 23*z - 2 + z**3. Let s = -8 + 5. Let j be 30/(-4)*2/s. What is q(j)?
-6
Let y(u) = -u**3 - 2*u**2 + 5*u + 2. Let s(h) = -3*h + 63. Let j(v) = -v. Let g(k) = 3*j(k) + s(k). Let a be g(11). Determine y(a).
-4
Let w(v) = 26*v + 500. Let o be w(-19). Let h(m) = 5 + 2*m - 7*m + 0. Calculate h(o).
-25
Let y(z) be the second derivative of 0 + 11*z + 1/6*z**3 + 3/2*z**2. Suppose -5*q - 4 = 11. Determine y(q).
0
Let s(b) = -b**2 + 9*b**3 + 8*b**3 - 3*b**3. Let m(w) = 13*w**2 - 170*w + 14. Let q be m(13). Determine s(q).
13
Suppose -8*t - 15 = -13*t. Let b(o) = t*o**2 - o - 4*o**3 + 5*o**3 + 2 + 0*o**2. Suppose n - 4*n - i = 4, -5*i = -3*n - 34. Calculate b(n).
5
Let j be 1027/143 + 4/(-22). Let c(u) = -15*u**2 + 9*u**2 - 3*u + j*u**2. Give c(4).
4
Let t(r) = -r**2 - r + 3. Let h = -2 - 1. Let c be t(h). Let x = 0 + c. Let p(s) = -s**2 - 4*s - 4. Determine p(x).
-1
Suppose 26*h = -2*l + 21*h + 9, 2*h = -2*l. Let r(w) = w**2 + 3*w - 4. What is r(l)?
-4
Suppose 10*x - 7 = 23. Let b(r) = -2*r**2 + r - 1. Give b(x).
-16
Let x(z) = 6*z**2 + z**3 + 10*z - 30*z + 26*z - 2. Calculate x(-5).
-7
Let l(f) = f**2 + 4. Suppose 5*a - 4*a + 3 = 0. Let x(g) = g**3 + 4*g**2 + 4*g. Let s be x(a). Let b be (0 - (1 + -1))/s. What is l(b)?
4
Suppose -4*m = -9*m + 3*p - 3, 2*m + 1 = p. Suppose m*f - 5*f + 25 = 5*w, f - 1 = 3*w. Let h(s) = -2*s**2 + 3. Calculate h(f).
-29
Let y(s) = 35*s - 1. Suppose 3*i - 2*i + 2 = 0. Let n(p) be the first derivative of 7*p**2/2 + 28. Let g(r) = i*y(r) + 11*n(r). Calculate g(-2).
-12
Let a = 190 - 124. Suppose 10*h = 16*h + a. Let m(s) = s**2 + 12*s + 12. Give m(h).
1
Let q(r) be the third derivative of 0 - r**3 + 1/24*r**4 - 4*r**2 + 0*r. What is q(3)?
-3
Let p(j) be the first derivative of j**3/3 - j**2 - 61. What is p(2)?
0
Let u(d) = 1 + 0 + d**3 + 1 + 2*d**2. Let j be 5 - (-4)/(-8)*0. Suppose -a = -h - 3*h - 10, 5*h = -j*a - 25. Give u(h).
-7
Let x(o) be the third derivative of o**5/30 - o**4/8 - o**3/2 - 4*o**2. Let d be (-3 - (-2 - 0)) + (2 - -3). Let g = -6 + d. Determine x(g).
11
Let n(z) be the third derivative of -z**4/12 + 2*z**2 + 14. Give n(-5).
10
Let x(g) = -4*g - 17. Let n(i) = -3*i - 16. Let k(a) = 5*n(a) - 4*x(a). Calculate k(9).
-3
Let o be 8/(-18)*-3*3. Let z = -8 - -27. Let y(k) = -5*k - 18 + z + 3*k. What is y(o)?
-7
Let u(j) be the third derivative of j**6/120 - 7*j**5/60 - 5*j**3/6 + 7*j**2 + 21*j. Calculate u(7).
-5
Let g(p) be the first derivative of p**3/3 + 2*p**2 - 6*p + 63. Determine g(-6).
6
Let h(f) = f**3 - f**2 + f - 29. Suppose 19*i - 12*i = 8*i. Give h(i).
-29
Let z(k) = -15*k + 33. Let q(l) be the second derivative of -l**3/6 + l**2 - 19*l. Let f(s) = -33*q(s) + 2*z(s). Determine f(-1).
-3
Suppose -283 = -5*x - 5*l + 322, 3*x + 4*l = 360. Let v = 122 - x. Let g(t) = t**2 + 2*t - 1. Determine g(v).
-1
Let n(p) = 6*p + 2 - 4 - 2 + 1. What is n(6)?
33
Let i be ((-3)/(6/14))/1. Let p(t) = -6*t - 35*t**2 + t**3 + 2 + 41*t**2 - 2 + 1. Give p(i).
-6
Let l(b) = 3*b - 8. Let s(g) = 3*g - 8. Let h(d) = 5*l(d) - 6*s(d). Let n(y) = 10*y + 46. Let r be n(-4). Determine h(r).
-10
Let c(p) = 7*p - 18. Let v(a) = 3*a - 8. Let u(i) = -4*c(i) + 9*v(i). Determine u(-4).
4
Let n(s) be the first derivative of 2*s**3 - 2*s + 7 + 0*s + 37. Calculate n(2).
22
Let p(h) = -3*h**2 - 3*h + 5. Let m(a) = -a + 1. Let o = -91 + 95. Let b(i) = o*m(i) - p(i). Calculate b(-1).
3
Let q(v) = -v**2 - v - 1. Let t(f) = -4*f + 1. Let a be t(3). Let y = 11 + a. Let s = y - 1. What is q(s)?
-1
Let k be (1 - -2)*6/9. Let p(f) = 1 - 3*f**2 - 8*f + k*f**2 - 4 - 1. Let j be (-4)/10 + (-112)/20. Give p(j).
8
Let a(i) = i**3 - 5*i**2 + 5*i - 2. Suppose 16 = -2*v + 6*v. Let n be a(v). Let m(r) = -2*r + 2 + 2*r**2 + 4 - n - 3. Give m(2).
5
Let z(h) = -h**3 + 4*h**2 + h + 2. Let f be 2*4 + 69/(-23). Calculate z(f).
-18
Let v(q) be the second derivative of q**5/20 - 2*q**4/3 + 4*q**3/3 - 5*q**2 + 30*q. Let p be v(7). Let d(y) = y**2 - 2*y - 1. Give d(p).
14
Let r(q) = 3*q**2 - 2*q + 2. Suppose 0 = z - 1, 3*u = -0*u - 5*z + 8. Suppose l - u = -0*l. Let w be r(l). Let v(n) = -n**2 + 5*n - 3. Give v(w).
3
Let v = 74 - 72. Let u(i) = 110 + 0*i**2 - i + 2*i**3 - 3*i**2 - 108. Calculate u(v).
4
Let h(f) = -2*f**3 - 13*f**2 - 7*f + 7. Let a = -1059 + 1053. What is h(a)?
13
Let f(g) = -g**3 - 2*g**2 - 2*g - 2. Let u(a) = -3*a**3 - 7*a**2 - 7*a - 7. Let v(q) = -14*f(q) + 4*u(q). Determine v(1).
2
Let t(y) = y - 2. Let g(p) = -4 - p**2 + 6 + 2*p - 4 - 4*p. Let h be g(-3). Calculate t(h).
-7
Suppose 4 = -227*a + 230*a + 2*u, -8 = 2*u. Let s(q) = 4*q - 8. Give s(a).
8
Let f be 2/(-6) - (-20)/6. Let z(w) = 19*w**3 + 6*w**2 - 2. Let t(m) = 8*m**3 + 3*m**2 - 1. Let a(y) =